{"id":3,"date":"2025-04-07T07:33:12","date_gmt":"2025-04-07T07:33:12","guid":{"rendered":"https:\/\/lavandatours.hr\/shop\/?page_id=3"},"modified":"2025-04-16T07:12:41","modified_gmt":"2025-04-16T07:12:41","slug":"privacy-policy","status":"publish","type":"page","link":"https:\/\/lavandatours.hr\/shop\/privacy-policy\/","title":{"rendered":"Privacy Policy"},"content":{"rendered":"\t\t<div data-elementor-type=\"wp-page\" data-elementor-id=\"3\" class=\"elementor elementor-3\">\n\t\t\t\t<div class=\"wd-negative-gap elementor-element elementor-element-46dc7a41 e-flex e-con-boxed e-con e-parent\" data-id=\"46dc7a41\" data-element_type=\"container\">\n\t\t\t\t\t<div class=\"e-con-inner\">\n\t\t\t\t<div class=\"elementor-element elementor-element-1ce8728b color-scheme-inherit text-left elementor-widget elementor-widget-text-editor\" data-id=\"1ce8728b\" data-element_type=\"widget\" data-widget_type=\"text-editor.default\">\n\t\t\t\t<div class=\"elementor-widget-container\"><h4 class=\"wp-block-heading\">Izjava o za\u0161titi i prikupljanju osobnih podataka<\/h4>\n<h4 class=\"wp-block-heading\"><br \/>Obavezujemo se pru\u017eati za\u0161titu osobnim podacima kupaca, na na\u010din da prikupljamo samo nu\u017ene, osnovne<br \/>podatke o kupcima \/ korisnicima koji su nu\u017eniza ispunjenje na\u0161ih obveza; informiramo kupce o na\u010dinu kori\u0161tenja prikupljenih podataka, redovito dajemo kupcima mogu\u0107nost izbora o upotrebi njihovih podataka, uklju\u010duju\u0107i mogu\u0107nost odluke \u017eele li ili ne da se njihovo ime ukloni s lista koje se koriste za marketin\u0161ke kampanje. Svi se podaci o korisnicima strogo \u010duvaju i dostupni su samo djelatnicima kojima su ti podaci nu\u017eni za obavljanje posla. Svi na\u0161i djelatnici i poslovni partneri odgovorni su za po\u0161tivanje na\u010dela za\u0161tite privatnosti.<br \/>Upute i pravila za izradu internet prodajnog mjesta<\/h4>\n<h4 class=\"wp-block-heading\"><br \/>Personal data gathering and protection statement<\/h4>\n<h4 class=\"wp-block-heading\"><br \/>We are committed to provide service of protection of our customer&#8217;s personal data in a way that we collect only essential basic information about our buyers that are necessary for fulfilling our obligations. We also inform our customers about the way we collect information and regularly give customers an option about how their information will be used, including the possibility to decide whether their name should be included or omitted from the lists used for marketing campaigns.<br \/>All user information is strictly guarded and are available only to the employees who need that information for<br \/>completing the job. All our employees and business partners are responsible to follow the principles of confidentiality protection.<br \/><br \/><br \/><\/h4>\t\t\t\t\t\t\t\t<\/div>\n\t\t\t\t<\/div>\n\t\t\t\t\t<\/div>\n\t\t\t\t<\/div>\t\t<\/div>\n\t\t","protected":false},"excerpt":{"rendered":"<p>Izjava o za\u0161titi i prikupljanju osobnih podataka Obavezujemo se pru\u017eati za\u0161titu osobnim podacima kupaca, na na\u010din da prikupljamo samo nu\u017ene,<\/p>\n","protected":false},"author":1,"featured_media":0,"parent":0,"menu_order":0,"comment_status":"closed","ping_status":"open","template":"","meta":{"footnotes":""},"class_list":["post-3","page","type-page","status-publish","hentry"],"_links":{"self":[{"href":"https:\/\/lavandatours.hr\/shop\/wp-json\/wp\/v2\/pages\/3","targetHints":{"allow":["GET"]}}],"collection":[{"href":"https:\/\/lavandatours.hr\/shop\/wp-json\/wp\/v2\/pages"}],"about":[{"href":"https:\/\/lavandatours.hr\/shop\/wp-json\/wp\/v2\/types\/page"}],"author":[{"embeddable":true,"href":"https:\/\/lavandatours.hr\/shop\/wp-json\/wp\/v2\/users\/1"}],"replies":[{"embeddable":true,"href":"https:\/\/lavandatours.hr\/shop\/wp-json\/wp\/v2\/comments?post=3"}],"version-history":[{"count":5,"href":"https:\/\/lavandatours.hr\/shop\/wp-json\/wp\/v2\/pages\/3\/revisions"}],"predecessor-version":[{"id":28186,"href":"https:\/\/lavandatours.hr\/shop\/wp-json\/wp\/v2\/pages\/3\/revisions\/28186"}],"wp:attachment":[{"href":"https:\/\/lavandatours.hr\/shop\/wp-json\/wp\/v2\/media?parent=3"}],"curies":[{"name":"wp","href":"https:\/\/api.w.org\/{rel}","templated":true}]}}